{"version":"1.0","provider_name":"Galerija 11\/07\/95","provider_url":"https:\/\/galerija110795.ba\/tr\/","author_name":"enes","author_url":"https:\/\/galerija110795.ba\/tr\/author\/enes\/","title":"\u2018Srebrenica\u2019 daimi sergi - Galerija 11\/07\/95","type":"rich","width":600,"height":338,"html":"<blockquote class=\"wp-embedded-content\" data-secret=\"upMuJrFFGV\"><a href=\"https:\/\/galerija110795.ba\/tr\/110795-galerisi-hakkinda\/srebrenica-daimi-sergi\/\">\u2018Srebrenica\u2019 daimi sergi<\/a><\/blockquote><iframe sandbox=\"allow-scripts\" security=\"restricted\" src=\"https:\/\/galerija110795.ba\/tr\/110795-galerisi-hakkinda\/srebrenica-daimi-sergi\/embed\/#?secret=upMuJrFFGV\" width=\"600\" height=\"338\" title=\"&#8220;\u2018Srebrenica\u2019 daimi sergi&#8221; &#8212; Galerija 11\/07\/95\" data-secret=\"upMuJrFFGV\" frameborder=\"0\" marginwidth=\"0\" marginheight=\"0\" scrolling=\"no\" class=\"wp-embedded-content\"><\/iframe><script type=\"text\/javascript\">\n\/* <![CDATA[ *\/\n\/*! This file is auto-generated *\/\n!function(d,l){\"use strict\";l.querySelector&&d.addEventListener&&\"undefined\"!=typeof URL&&(d.wp=d.wp||{},d.wp.receiveEmbedMessage||(d.wp.receiveEmbedMessage=function(e){var t=e.data;if((t||t.secret||t.message||t.value)&&!\/[^a-zA-Z0-9]\/.test(t.secret)){for(var s,r,n,a=l.querySelectorAll('iframe[data-secret=\"'+t.secret+'\"]'),o=l.querySelectorAll('blockquote[data-secret=\"'+t.secret+'\"]'),c=new RegExp(\"^https?:$\",\"i\"),i=0;i<o.length;i++)o[i].style.display=\"none\";for(i=0;i<a.length;i++)s=a[i],e.source===s.contentWindow&&(s.removeAttribute(\"style\"),\"height\"===t.message?(1e3<(r=parseInt(t.value,10))?r=1e3:~~r<200&&(r=200),s.height=r):\"link\"===t.message&&(r=new URL(s.getAttribute(\"src\")),n=new URL(t.value),c.test(n.protocol))&&n.host===r.host&&l.activeElement===s&&(d.top.location.href=t.value))}},d.addEventListener(\"message\",d.wp.receiveEmbedMessage,!1),l.addEventListener(\"DOMContentLoaded\",function(){for(var e,t,s=l.querySelectorAll(\"iframe.wp-embedded-content\"),r=0;r<s.length;r++)(t=(e=s[r]).getAttribute(\"data-secret\"))||(t=Math.random().toString(36).substring(2,12),e.src+=\"#?secret=\"+t,e.setAttribute(\"data-secret\",t)),e.contentWindow.postMessage({message:\"ready\",secret:t},\"*\")},!1)))}(window,document);\n\/\/# sourceURL=https:\/\/galerija110795.ba\/wp\/wp-includes\/js\/wp-embed.min.js\n\/* ]]> *\/\n<\/script>\n","thumbnail_url":"https:\/\/galerija110795.ba\/app\/uploads\/2012\/10\/gallery_110795_03-1200x800.jpg","thumbnail_width":1200,"thumbnail_height":800,"description":"11\/07\/95 Galerisi ziyaret\u00e7ileri Srebrenica soyk\u0131r\u0131m\u0131n\u0131 ve 11.07.1995 tarihinden sonra sa\u011f kalanlar\u0131n hayatlar\u0131n\u0131 g\u00f6steren belgesel ve sanatsal g\u00f6r\u00fcnt\u00fcleri izleme imkan\u0131na sahiptir. Sergi multimedya \u00f6zelli\u011fine sahip olup a\u015fa\u011f\u0131da belirtilen par\u00e7alardan olu\u015fmaktad\u0131r. An\u0131t Duvar (Srebrenica- Poto\u00e7ari Anma Merkezi) 16 metre uzunlu\u011fundaki duvarda Srebrenica soyk\u0131r\u0131m\u0131nda hayat\u0131n\u0131 kaybeden 8372 ki\u015finin ismi ve do\u011fum y\u0131llar\u0131 bulunmaktad\u0131r. Hayatlar\u0131n\u0131 kaybedenlerin adlar\u0131 ve onlar &hellip; Continued"}

11/07/95 Galerisi ziyaretçileri Srebrenica soykırımını ve 11.07.1995 tarihinden sonra sağ kalanların hayatlarını gösteren belgesel ve sanatsal görüntüleri izleme imkanına sahiptir. Sergi multimedya özelliğine sahip olup aşağıda belirtilen parçalardan oluşmaktadır. Anıt Duvar (Srebrenica- Potoçari Anma Merkezi) 16 metre uzunluğundaki duvarda Srebrenica soykırımında hayatını kaybeden 8372 kişinin ismi ve doğum yılları bulunmaktadır. Hayatlarını kaybedenlerin adları ve onlar &hellip; Continued
