{"id":3169,"date":"2015-11-17T13:04:12","date_gmt":"2015-11-17T13:04:12","guid":{"rendered":"https:\/\/galerija110795.ba\/fr\/?page_id=3169"},"modified":"2015-11-17T13:06:44","modified_gmt":"2015-11-17T13:06:44","slug":"front-page","status":"publish","type":"page","link":"https:\/\/galerija110795.ba\/fr\/","title":{"rendered":"Front page"},"content":{"rendered":"","protected":false},"excerpt":{"rendered":"","protected":false},"author":1,"featured_media":0,"parent":0,"menu_order":0,"comment_status":"closed","ping_status":"closed","template":"templates\/template-layout-builder.php","meta":{"_acf_changed":false,"footnotes":""},"class_list":["post-3169","page","type-page","status-publish","hentry"],"acf":[],"yoast_head":"<!-- This site is optimized with the Yoast SEO plugin v26.8 - https:\/\/yoast.com\/product\/yoast-seo-wordpress\/ -->\n<title>Front page - Galerija 11\/07\/95<\/title>\n<meta name=\"robots\" content=\"index, follow, max-snippet:-1, max-image-preview:large, max-video-preview:-1\" \/>\n<link rel=\"canonical\" href=\"https:\/\/galerija110795.ba\/fr\/\" \/>\n<meta property=\"og:locale\" content=\"fr_FR\" \/>\n<meta property=\"og:type\" content=\"article\" \/>\n<meta property=\"og:title\" content=\"Front page - Galerija 11\/07\/95\" \/>\n<meta property=\"og:url\" content=\"https:\/\/galerija110795.ba\/fr\/\" \/>\n<meta property=\"og:site_name\" content=\"Galerija 11\/07\/95\" \/>\n<meta property=\"article:modified_time\" content=\"2015-11-17T13:06:44+00:00\" \/>\n<meta name=\"twitter:card\" content=\"summary_large_image\" \/>\n<script type=\"application\/ld+json\" class=\"yoast-schema-graph\">{\"@context\":\"https:\/\/schema.org\",\"@graph\":[{\"@type\":\"WebPage\",\"@id\":\"https:\/\/galerija110795.ba\/fr\/\",\"url\":\"https:\/\/galerija110795.ba\/fr\/\",\"name\":\"Front page - Galerija 11\/07\/95\",\"isPartOf\":{\"@id\":\"https:\/\/galerija110795.ba\/#website\"},\"datePublished\":\"2015-11-17T13:04:12+00:00\",\"dateModified\":\"2015-11-17T13:06:44+00:00\",\"breadcrumb\":{\"@id\":\"https:\/\/galerija110795.ba\/fr\/#breadcrumb\"},\"inLanguage\":\"fr-FR\",\"potentialAction\":[{\"@type\":\"ReadAction\",\"target\":[\"https:\/\/galerija110795.ba\/fr\/\"]}]},{\"@type\":\"BreadcrumbList\",\"@id\":\"https:\/\/galerija110795.ba\/fr\/#breadcrumb\",\"itemListElement\":[{\"@type\":\"ListItem\",\"position\":1,\"name\":\"Home\",\"item\":\"https:\/\/galerija110795.ba\/fr\/\"},{\"@type\":\"ListItem\",\"position\":2,\"name\":\"Front page\"}]},{\"@type\":\"WebSite\",\"@id\":\"https:\/\/galerija110795.ba\/#website\",\"url\":\"https:\/\/galerija110795.ba\/\",\"name\":\"Galerija 11\/07\/95\",\"description\":\"La premi\u00e8re galerie comm\u00e9morative en Bosnie-Herz\u00e9govine, une salle d'exposition qui a pour but de pr\u00e9server la m\u00e9moire sur la trag\u00e9die de Srebrenica et de 8372 personnes tragiquement tu\u00e9s dans le g\u00e9nocide de Srebrenica.\",\"publisher\":{\"@id\":\"https:\/\/galerija110795.ba\/#organization\"},\"potentialAction\":[{\"@type\":\"SearchAction\",\"target\":{\"@type\":\"EntryPoint\",\"urlTemplate\":\"https:\/\/galerija110795.ba\/?s={search_term_string}\"},\"query-input\":{\"@type\":\"PropertyValueSpecification\",\"valueRequired\":true,\"valueName\":\"search_term_string\"}}],\"inLanguage\":\"fr-FR\"},{\"@type\":\"Organization\",\"@id\":\"https:\/\/galerija110795.ba\/#organization\",\"name\":\"Galerija 11\/07\/95\",\"url\":\"https:\/\/galerija110795.ba\/\",\"logo\":{\"@type\":\"ImageObject\",\"inLanguage\":\"fr-FR\",\"@id\":\"https:\/\/galerija110795.ba\/#\/schema\/logo\/image\/\",\"url\":\"https:\/\/galerija110795.ba\/app\/uploads\/2013\/09\/galerija_110795_logo.png\",\"contentUrl\":\"https:\/\/galerija110795.ba\/app\/uploads\/2013\/09\/galerija_110795_logo.png\",\"width\":1254,\"height\":408,\"caption\":\"Galerija 11\/07\/95\"},\"image\":{\"@id\":\"https:\/\/galerija110795.ba\/#\/schema\/logo\/image\/\"}}]}<\/script>\n<!-- \/ Yoast SEO plugin. -->","yoast_head_json":{"title":"Front page - Galerija 11\/07\/95","robots":{"index":"index","follow":"follow","max-snippet":"max-snippet:-1","max-image-preview":"max-image-preview:large","max-video-preview":"max-video-preview:-1"},"canonical":"https:\/\/galerija110795.ba\/fr\/","og_locale":"fr_FR","og_type":"article","og_title":"Front page - Galerija 11\/07\/95","og_url":"https:\/\/galerija110795.ba\/fr\/","og_site_name":"Galerija 11\/07\/95","article_modified_time":"2015-11-17T13:06:44+00:00","twitter_card":"summary_large_image","schema":{"@context":"https:\/\/schema.org","@graph":[{"@type":"WebPage","@id":"https:\/\/galerija110795.ba\/fr\/","url":"https:\/\/galerija110795.ba\/fr\/","name":"Front page - Galerija 11\/07\/95","isPartOf":{"@id":"https:\/\/galerija110795.ba\/#website"},"datePublished":"2015-11-17T13:04:12+00:00","dateModified":"2015-11-17T13:06:44+00:00","breadcrumb":{"@id":"https:\/\/galerija110795.ba\/fr\/#breadcrumb"},"inLanguage":"fr-FR","potentialAction":[{"@type":"ReadAction","target":["https:\/\/galerija110795.ba\/fr\/"]}]},{"@type":"BreadcrumbList","@id":"https:\/\/galerija110795.ba\/fr\/#breadcrumb","itemListElement":[{"@type":"ListItem","position":1,"name":"Home","item":"https:\/\/galerija110795.ba\/fr\/"},{"@type":"ListItem","position":2,"name":"Front page"}]},{"@type":"WebSite","@id":"https:\/\/galerija110795.ba\/#website","url":"https:\/\/galerija110795.ba\/","name":"Galerija 11\/07\/95","description":"La premi\u00e8re galerie comm\u00e9morative en Bosnie-Herz\u00e9govine, une salle d'exposition qui a pour but de pr\u00e9server la m\u00e9moire sur la trag\u00e9die de Srebrenica et de 8372 personnes tragiquement tu\u00e9s dans le g\u00e9nocide de Srebrenica.","publisher":{"@id":"https:\/\/galerija110795.ba\/#organization"},"potentialAction":[{"@type":"SearchAction","target":{"@type":"EntryPoint","urlTemplate":"https:\/\/galerija110795.ba\/?s={search_term_string}"},"query-input":{"@type":"PropertyValueSpecification","valueRequired":true,"valueName":"search_term_string"}}],"inLanguage":"fr-FR"},{"@type":"Organization","@id":"https:\/\/galerija110795.ba\/#organization","name":"Galerija 11\/07\/95","url":"https:\/\/galerija110795.ba\/","logo":{"@type":"ImageObject","inLanguage":"fr-FR","@id":"https:\/\/galerija110795.ba\/#\/schema\/logo\/image\/","url":"https:\/\/galerija110795.ba\/app\/uploads\/2013\/09\/galerija_110795_logo.png","contentUrl":"https:\/\/galerija110795.ba\/app\/uploads\/2013\/09\/galerija_110795_logo.png","width":1254,"height":408,"caption":"Galerija 11\/07\/95"},"image":{"@id":"https:\/\/galerija110795.ba\/#\/schema\/logo\/image\/"}}]}},"wpml_current_locale":"fr_FR","wpml_translations":{"bs_BA":{"locale":"bs_BA","id":2990,"slug":"frontpage","post_title":"Frontpage","href":"https:\/\/galerija110795.ba\/bs\/frontpage\/"},"en_US":{"locale":"en_US","id":3079,"slug":"frontpage-2","post_title":"Frontpage","href":"https:\/\/galerija110795.ba\/frontpage-2\/"},"fr_FR":{"locale":"fr_FR","id":3169,"slug":"front-page","post_title":"Front page","href":"https:\/\/galerija110795.ba\/fr\/"},"de_DE":{"locale":"de_DE","id":3088,"slug":"frontpage","post_title":"Frontpage","href":"https:\/\/galerija110795.ba\/de\/frontpage\/"},"it_IT":{"locale":"it_IT","id":3089,"slug":"frontpage","post_title":"Frontpage","href":"https:\/\/galerija110795.ba\/it\/frontpage\/"},"tr":{"locale":"tr","id":3090,"slug":"frontpage","post_title":"Frontpage","href":"https:\/\/galerija110795.ba\/tr\/frontpage\/"}},"_links":{"self":[{"href":"https:\/\/galerija110795.ba\/fr\/wp-json\/wp\/v2\/pages\/3169","targetHints":{"allow":["GET"]}}],"collection":[{"href":"https:\/\/galerija110795.ba\/fr\/wp-json\/wp\/v2\/pages"}],"about":[{"href":"https:\/\/galerija110795.ba\/fr\/wp-json\/wp\/v2\/types\/page"}],"author":[{"embeddable":true,"href":"https:\/\/galerija110795.ba\/fr\/wp-json\/wp\/v2\/users\/1"}],"replies":[{"embeddable":true,"href":"https:\/\/galerija110795.ba\/fr\/wp-json\/wp\/v2\/comments?post=3169"}],"version-history":[{"count":0,"href":"https:\/\/galerija110795.ba\/fr\/wp-json\/wp\/v2\/pages\/3169\/revisions"}],"wp:attachment":[{"href":"https:\/\/galerija110795.ba\/fr\/wp-json\/wp\/v2\/media?parent=3169"}],"curies":[{"name":"wp","href":"https:\/\/api.w.org\/{rel}","templated":true}]}}

<!-- This site is optimized with the Yoast SEO plugin v26.8 - https://yoast.com/product/yoast-seo-wordpress/ -->
<title>Front page - Galerija 11/07/95</title>
<meta name="robots" content="index, follow, max-snippet:-1, max-image-preview:large, max-video-preview:-1" />
<link rel="canonical" href="https://galerija110795.ba/fr/" />
<meta property="og:locale" content="fr_FR" />
<meta property="og:type" content="article" />
<meta property="og:title" content="Front page - Galerija 11/07/95" />
<meta property="og:url" content="https://galerija110795.ba/fr/" />
<meta property="og:site_name" content="Galerija 11/07/95" />
<meta property="article:modified_time" content="2015-11-17T13:06:44+00:00" />
<meta name="twitter:card" content="summary_large_image" />
<script type="application/ld+json" class="yoast-schema-graph">{"@context":"https://schema.org","@graph":[{"@type":"WebPage","@id":"https://galerija110795.ba/fr/","url":"https://galerija110795.ba/fr/","name":"Front page - Galerija 11/07/95","isPartOf":{"@id":"https://galerija110795.ba/#website"},"datePublished":"2015-11-17T13:04:12+00:00","dateModified":"2015-11-17T13:06:44+00:00","breadcrumb":{"@id":"https://galerija110795.ba/fr/#breadcrumb"},"inLanguage":"fr-FR","potentialAction":[{"@type":"ReadAction","target":["https://galerija110795.ba/fr/"]}]},{"@type":"BreadcrumbList","@id":"https://galerija110795.ba/fr/#breadcrumb","itemListElement":[{"@type":"ListItem","position":1,"name":"Home","item":"https://galerija110795.ba/fr/"},{"@type":"ListItem","position":2,"name":"Front page"}]},{"@type":"WebSite","@id":"https://galerija110795.ba/#website","url":"https://galerija110795.ba/","name":"Galerija 11/07/95","description":"La première galerie commémorative en Bosnie-Herzégovine, une salle d'exposition qui a pour but de préserver la mémoire sur la tragédie de Srebrenica et de 8372 personnes tragiquement tués dans le génocide de Srebrenica.","publisher":{"@id":"https://galerija110795.ba/#organization"},"potentialAction":[{"@type":"SearchAction","target":{"@type":"EntryPoint","urlTemplate":"https://galerija110795.ba/?s={search_term_string}"},"query-input":{"@type":"PropertyValueSpecification","valueRequired":true,"valueName":"search_term_string"}}],"inLanguage":"fr-FR"},{"@type":"Organization","@id":"https://galerija110795.ba/#organization","name":"Galerija 11/07/95","url":"https://galerija110795.ba/","logo":{"@type":"ImageObject","inLanguage":"fr-FR","@id":"https://galerija110795.ba/#/schema/logo/image/","url":"https://galerija110795.ba/app/uploads/2013/09/galerija_110795_logo.png","contentUrl":"https://galerija110795.ba/app/uploads/2013/09/galerija_110795_logo.png","width":1254,"height":408,"caption":"Galerija 11/07/95"},"image":{"@id":"https://galerija110795.ba/#/schema/logo/image/"}}]}</script>
<!-- / Yoast SEO plugin. -->

La première galerie commémorative en Bosnie-Herzégovine, une salle d'exposition qui a pour but de préserver la mémoire sur la tragédie de Srebrenica et de 8372 personnes tragiquement tués dans le génocide de Srebrenica.
