{"version":"1.0","provider_name":"Galerija 11\/07\/95","provider_url":"https:\/\/galerija110795.ba\/fr\/","author_name":"enes","author_url":"https:\/\/galerija110795.ba\/fr\/author\/enes\/","title":"L\u2019exposition permanente \u00abSrebrenica\u00bb - Galerija 11\/07\/95","type":"rich","width":600,"height":338,"html":"<blockquote class=\"wp-embedded-content\" data-secret=\"1ofSOl9evW\"><a href=\"https:\/\/galerija110795.ba\/fr\/sur-la-galerie-110795\/lexposition-permanente-srebrenica\/\">L\u2019exposition permanente \u00abSrebrenica\u00bb<\/a><\/blockquote><iframe sandbox=\"allow-scripts\" security=\"restricted\" src=\"https:\/\/galerija110795.ba\/fr\/sur-la-galerie-110795\/lexposition-permanente-srebrenica\/embed\/#?secret=1ofSOl9evW\" width=\"600\" height=\"338\" title=\"\u00ab\u00a0L\u2019exposition permanente \u00abSrebrenica\u00bb\u00a0\u00bb &#8212; Galerija 11\/07\/95\" data-secret=\"1ofSOl9evW\" frameborder=\"0\" marginwidth=\"0\" marginheight=\"0\" scrolling=\"no\" class=\"wp-embedded-content\"><\/iframe><script type=\"text\/javascript\">\n\/* <![CDATA[ *\/\n\/*! This file is auto-generated *\/\n!function(d,l){\"use strict\";l.querySelector&&d.addEventListener&&\"undefined\"!=typeof URL&&(d.wp=d.wp||{},d.wp.receiveEmbedMessage||(d.wp.receiveEmbedMessage=function(e){var t=e.data;if((t||t.secret||t.message||t.value)&&!\/[^a-zA-Z0-9]\/.test(t.secret)){for(var s,r,n,a=l.querySelectorAll('iframe[data-secret=\"'+t.secret+'\"]'),o=l.querySelectorAll('blockquote[data-secret=\"'+t.secret+'\"]'),c=new RegExp(\"^https?:$\",\"i\"),i=0;i<o.length;i++)o[i].style.display=\"none\";for(i=0;i<a.length;i++)s=a[i],e.source===s.contentWindow&&(s.removeAttribute(\"style\"),\"height\"===t.message?(1e3<(r=parseInt(t.value,10))?r=1e3:~~r<200&&(r=200),s.height=r):\"link\"===t.message&&(r=new URL(s.getAttribute(\"src\")),n=new URL(t.value),c.test(n.protocol))&&n.host===r.host&&l.activeElement===s&&(d.top.location.href=t.value))}},d.addEventListener(\"message\",d.wp.receiveEmbedMessage,!1),l.addEventListener(\"DOMContentLoaded\",function(){for(var e,t,s=l.querySelectorAll(\"iframe.wp-embedded-content\"),r=0;r<s.length;r++)(t=(e=s[r]).getAttribute(\"data-secret\"))||(t=Math.random().toString(36).substring(2,12),e.src+=\"#?secret=\"+t,e.setAttribute(\"data-secret\",t)),e.contentWindow.postMessage({message:\"ready\",secret:t},\"*\")},!1)))}(window,document);\n\/\/# sourceURL=https:\/\/galerija110795.ba\/wp\/wp-includes\/js\/wp-embed.min.js\n\/* ]]> *\/\n<\/script>\n","description":"Les visiteurs de la Galerie 11\/07\/95 ont acc\u00e8s \u00e0 l\u2019exposition permanente \u00ab\u00a0Srebrenica\u00a0\u00bb, qui pr\u00e9sente une vision \u00e0 la fois documentaire et artistique des horreurs de Srebrenica et de la vie des survivants apr\u00e8s le 11.07.1995. L\u2019exposition est une exposition multim\u00e9dia qui se compose de plusieurs parties\u00a0: Le mur de la mort (Le centre de m\u00e9moire &hellip; Continued","thumbnail_url":"https:\/\/galerija110795.ba\/app\/uploads\/2012\/10\/gallery_110795_03-1200x800.jpg","thumbnail_width":1200,"thumbnail_height":800}

Les visiteurs de la Galerie 11/07/95 ont accès à l’exposition permanente « Srebrenica », qui présente une vision à la fois documentaire et artistique des horreurs de Srebrenica et de la vie des survivants après le 11.07.1995. L’exposition est une exposition multimédia qui se compose de plusieurs parties : Le mur de la mort (Le centre de mémoire &hellip; Continued
