{"version":"1.0","provider_name":"Galerija 11\/07\/95","provider_url":"https:\/\/galerija110795.ba\/bs\/","author_name":"editor","author_url":"https:\/\/galerija110795.ba\/bs\/author\/editor\/","title":"\"Bosna 1992-1995\" - Galerija 11\/07\/95","type":"rich","width":600,"height":338,"html":"<blockquote class=\"wp-embedded-content\" data-secret=\"I50EXnBi3x\"><a href=\"https:\/\/galerija110795.ba\/bs\/izlozbe\/aktuelna-izlozba\/bosna-1992-1995\/\">&#8220;Bosna 1992-1995&#8221;<\/a><\/blockquote><iframe sandbox=\"allow-scripts\" security=\"restricted\" src=\"https:\/\/galerija110795.ba\/bs\/izlozbe\/aktuelna-izlozba\/bosna-1992-1995\/embed\/#?secret=I50EXnBi3x\" width=\"600\" height=\"338\" title=\"&#8220;&#8220;Bosna 1992-1995&#8221;&#8221; &#8212; Galerija 11\/07\/95\" data-secret=\"I50EXnBi3x\" frameborder=\"0\" marginwidth=\"0\" marginheight=\"0\" scrolling=\"no\" class=\"wp-embedded-content\"><\/iframe><script type=\"text\/javascript\">\n\/* <![CDATA[ *\/\n\/*! This file is auto-generated *\/\n!function(d,l){\"use strict\";l.querySelector&&d.addEventListener&&\"undefined\"!=typeof URL&&(d.wp=d.wp||{},d.wp.receiveEmbedMessage||(d.wp.receiveEmbedMessage=function(e){var t=e.data;if((t||t.secret||t.message||t.value)&&!\/[^a-zA-Z0-9]\/.test(t.secret)){for(var s,r,n,a=l.querySelectorAll('iframe[data-secret=\"'+t.secret+'\"]'),o=l.querySelectorAll('blockquote[data-secret=\"'+t.secret+'\"]'),c=new RegExp(\"^https?:$\",\"i\"),i=0;i<o.length;i++)o[i].style.display=\"none\";for(i=0;i<a.length;i++)s=a[i],e.source===s.contentWindow&&(s.removeAttribute(\"style\"),\"height\"===t.message?(1e3<(r=parseInt(t.value,10))?r=1e3:~~r<200&&(r=200),s.height=r):\"link\"===t.message&&(r=new URL(s.getAttribute(\"src\")),n=new URL(t.value),c.test(n.protocol))&&n.host===r.host&&l.activeElement===s&&(d.top.location.href=t.value))}},d.addEventListener(\"message\",d.wp.receiveEmbedMessage,!1),l.addEventListener(\"DOMContentLoaded\",function(){for(var e,t,s=l.querySelectorAll(\"iframe.wp-embedded-content\"),r=0;r<s.length;r++)(t=(e=s[r]).getAttribute(\"data-secret\"))||(t=Math.random().toString(36).substring(2,12),e.src+=\"#?secret=\"+t,e.setAttribute(\"data-secret\",t)),e.contentWindow.postMessage({message:\"ready\",secret:t},\"*\")},!1)))}(window,document);\n\/\/# sourceURL=https:\/\/galerija110795.ba\/wp\/wp-includes\/js\/wp-embed.min.js\n\/* ]]> *\/\n<\/script>\n","thumbnail_url":"https:\/\/galerija110795.ba\/app\/uploads\/2022\/07\/A-nosac_warm_trio_page-0001-1200x1556.jpg","thumbnail_width":1200,"thumbnail_height":1556,"description":"Grupa fotografa i novinara koji su izvje\u0161tavali o ratu u Bosni odlu\u010dila je vratiti se u Sarajevo 6. aprila 2012. godine kako bi obilje\u017eili rat i ponovo se povezali sa zemljom. Odr\u017eana je konferencija \u201eSarajevo 2012\u201c. \u00a0 \u00a0 Strani reporteri odlu\u010dili su napraviti i fotomonografiju o ratu. Jon Jones (urednik fotografija), R\u00e9my Ourdan (urednik teksta) &hellip; Continued"}

Grupa fotografa i novinara koji su izvještavali o ratu u Bosni odlučila je vratiti se u Sarajevo 6. aprila 2012. godine kako bi obilježili rat i ponovo se povezali sa zemljom. Održana je konferencija „Sarajevo 2012“.     Strani reporteri odlučili su napraviti i fotomonografiju o ratu. Jon Jones (urednik fotografija), Rémy Ourdan (urednik teksta) &hellip; Continued
